 512950 is divided by 264.
262
What is the remainder when 81209 is divided by 20296?
25
What is the remainder when 255470 is divided by 18?
14
What is the remainder when 54344 is divided by 18098?
50
Calculate the remainder when 787859 is divided by 108.
107
What is the remainder when 262463 is divided by 38?
35
Calculate the remainder when 6971 is divided by 188.
15
Calculate the remainder when 25358 is divided by 540.
518
What is the remainder when 3912 is divided by 62?
6
Calculate the remainder when 297423 is divided by 74355.
3
What is the remainder when 6531 is divided by 225?
6
What is the remainder when 31904 is divided by 1001?
873
What is the remainder when 13796 is divided by 394?
6
Calculate the remainder when 451 is divided by 343.
108
Calculate the remainder when 9005 is divided by 2999.
8
What is the remainder when 4504 is divided by 448?
24
What is the remainder when 795 is divided by 364?
67
What is the remainder when 1090 is divided by 182?
180
What is the remainder when 13115 is divided by 346?
313
What is the remainder when 2089462 is divided by 39?
37
What is the remainder when 39981 is divided by 112?
109
What is the remainder when 3850 is divided by 153?
25
Calculate the remainder when 424124 is divided by 47.
43
Calculate the remainder when 8177795 is divided by 21.
17
Calculate the remainder when 1133 is divided by 31.
17
What is the remainder when 4379 is divided by 560?
459
What is the remainder when 61841 is divided by 15430?
121
What is the remainder when 1128 is divided by 4?
0
What is the remainder when 1143 is divided by 219?
48
What is the remainder when 1010123 is divided by 101010?
23
What is the remainder when 88674 is divided by 88668?
6
Calculate the remainder when 7445 is divided by 38.
35
Calculate the remainder when 12360 is divided by 1.
0
Calculate the remainder when 63548 is divided by 376.
4
Calculate the remainder when 304431 is divided by 310.
11
Calculate the remainder when 18949 is divided by 32.
5
Calculate the remainder when 13037 is divided by 81.
77
What is the remainder when 778 is divided by 680?
98
Calculate the remainder when 6884 is divided by 3440.
4
Calculate the remainder when 12715 is divided by 81.
79
What is the remainder when 52842 is divided by 151?
143
What is the remainder when 1340 is divided by 336?
332
What is the remainder when 1221 is divided by 361?
138
What is the remainder when 3704 is divided by 16?
8
Calculate the remainder when 4171723 is divided by 13.
10
Calculate the remainder when 23931 is divided by 164.
151
Calculate the remainder when 13032 is divided by 449.
11
What is the remainder when 18568 is divided by 4303?
1356
What is the remainder when 37196 is divided by 124?
120
What is the remainder when 7047 is divided by 196?
187
Calculate the remainder when 3189 is divided by 663.
537
What is the remainder when 39363 is divided by 9831?
39
What is the remainder when 116014 is divided by 188?
18
What is the remainder when 16696 is divided by 2779?
22
What is the remainder when 29620 is divided by 2691?
19
What is the remainder when 3485157 is divided by 84?
81
Calculate the remainder when 5040 is divided by 76.
24
What is the remainder when 181483 is divided by 90697?
89
What is the remainder when 1258802 is divided by 9?
8
What is the remainder when 35187 is divided by 105?
12
Calculate the remainder when 108372 is divided by 41.
9
Calculate the remainder when 11445 is divided by 23.
14
Calculate the remainder when 17305 is divided by 1571.
24
What is the remainder when 1303220 is divided by 275?
270
What is the remainder when 12038 is divided by 492?
230
Calculate the remainder when 969 is divided by 104.
33
What is the remainder when 39231 is divided by 39?
36
What is the remainder when 75694 is divided by 2?
0
Calculate the remainder when 18274 is divided by 822.
190
Calculate the remainder when 4832 is divided by 1571.
119
What is the remainder when 45063 is divided by 86?
85
Calculate the remainder when 1142 is divided by 405.
332
What is the remainder when 300805 is divided by 300787?
18
What is the remainder when 35924 is divided by 589?
584
What is the remainder when 3719 is divided by 176?
23
What is the remainder when 233 is divided by 218?
15
Calculate the remainder when 4586 is divided by 73.
60
What is the remainder when 3863806 is divided by 86?
84
Calculate the remainder when 1337 is divided by 579.
179
What is the remainder when 8973 is divided by 691?
681
Calculate the remainder when 5082 is divided by 204.
186
Calculate the remainder when 105875 is divided by 12.
11
Calculate the remainder when 11379 is divided by 100.
79
What is the remainder when 17027 is divided by 654?
23
Calculate the remainder when 282418 is divided by 6.
4
Calculate the remainder when 176332 is divided by 14694.
4
Calculate the remainder when 1310 is divided by 1083.
227
What is the remainder when 405013 is divided by 195?
193
Calculate the remainder when 1029669 is divided by 84.
81
What is the remainder when 68374 is divided by 444?
442
Calculate the remainder when 5491 is divided by 1822.
25
What is the remainder when 2455 is divided by 1221?
13
Calculate the remainder when 6187 is divided by 54.
31
What is the remainder when 3095 is divided by 873?
476
Calculate the remainder when 12875 is divided by 161.
156
What is the remainder when 605526 is divided by 522?
6
What is the remainder when 60304 is divided by 30122?
60
Calculate the remainder when 2438807 is divided by 4.
3
What is the remainder when 109735 is divided by 20?
15
Calculate the remainder when 3742 is divided by 12.
10
What is the remainder when 1287116 is divided by 579?
578
What is the remainder when 1155 is divided by 10?
5
What is the remainder when 428329 is divided by 32?
9
What is the remainder when 1987 is divided by 14?
13
Calculate the remainder when 273169 is divided by 309.
13
What is the remainder when 23296 is divided by 233?
229
Calculate the remainder when 49599 is divided by 107.
58
Calculate the remainder when 737397 is divided by 64.
53
What is the remainder when 4362 is divided by 50?
12
Calculate the remainder when 2943 is divided by 2481.
462
What is the remainder when 4009 is divided by 40?
9
What is the remainder when 10833 is divided by 3553?
174
What is the remainder when 67780 is divided by 41?
7
What is the remainder when 344752 is divided by 25?
2
What is the remainder when 406582 is divided by 72?
70
Calculate the remainder when 1250 is divided by 70.
60
Calculate the remainder when 17962 is divided by 11.
10
Calculate the remainder when 35333 is divided by 630.
53
What is the remainder when 129543 is divided by 64765?
13
What is the remainder when 26140 is divided by 13?
10
Calculate the remainder when 409714 is divided by 136571.
1
What is the remainder when 930 is divided by 259?
153
What is the remainder when 278274 is divided by 953?
951
Calculate the remainder when 1733 is divided by 83.
73
Calculate the remainder when 48369 is divided by 16107.
48
What is the remainder when 82439 is divided by 4?
3
What is the remainder when 15477 is divided by 7718?
41
What is the remainder when 107517 is divided by 56?
53
Calculate the remainder when 1287 is divided by 29.
11
What is the remainder when 27186 is divided by 53?
50
Calculate the remainder when 947 is divided by 6.
5
Calculate the remainder when 4875 is divided by 486.
15
What is the remainder when 4092 is divided by 15?
12
What is the remainder when 147 is divided by 64?
19
What is the remainder when 183649 is divided by 50?
49
What is the remainder when 29953 is divided by 2723?
0
Calculate the remainder when 89385 is divided by 29786.
27
What is the remainder when 27544 is divided by 563?
520
Calculate the remainder when 4703 is divided by 168.
167
Calculate the remainder when 17714 is divided by 8810.
94
Calculate the remainder when 555221 is divided by 55522.
1
What is the remainder when 393 is divided by 199?
194
Calculate the remainder when 561057 is divided by 4965.
12
Calculate the remainder when 25581 is divided by 25570.
11
Calculate the remainder when 33563 is divided by 117.
101
What is the remainder when 10395 is divided by 698?
623
What is the remainder when 255 is divided by 99?
57
What is the rem